{"id":173,"date":"2018-11-07T07:34:16","date_gmt":"2018-11-07T07:34:16","guid":{"rendered":"http:\/\/localhost\/industro\/?page_id=173"},"modified":"2021-03-03T10:59:01","modified_gmt":"2021-03-03T07:59:01","slug":"kurumsal","status":"publish","type":"page","link":"https:\/\/merihticaret.com.tr\/index.php\/kurumsal\/","title":{"rendered":"Kurumsal"},"content":{"rendered":"<p>[vc_row css=&#8221;.vc_custom_1541754689598{padding-top: 65px !important;background-color: #f7f7f7 !important;}&#8221;][vc_column offset=&#8221;vc_col-md-6&#8243;][vc_single_image image=&#8221;1225&#8243; img_size=&#8221;full&#8221; alignment=&#8221;center&#8221; css=&#8221;.vc_custom_1614755518049{margin-bottom: 0px !important;}&#8221; el_class=&#8221;lg-left-100&#8243;][\/vc_column][vc_column offset=&#8221;vc_col-md-6&#8243;][vc_custom_heading text=&#8221;Merih Ticaret&#8221; use_theme_fonts=&#8221;yes&#8221; css=&#8221;.vc_custom_1614755557155{margin-top: 0px !important;margin-bottom: 10px !important;}&#8221; el_class=&#8221;lg-right70&#8243;][vc_tta_accordion c_icon=&#8221;chevron&#8221; c_position=&#8221;right&#8221; active_section=&#8221;1&#8243; el_class=&#8221;lg-right70&#8243; css=&#8221;.vc_custom_1541733889119{padding-bottom: 100px !important;}&#8221;][vc_tta_section title=&#8221;Hakk\u0131m\u0131zda&#8221; tab_id=&#8221;1541663324651-dac0965b-bd42&#8243;][vc_column_text]2002 y\u0131l\u0131ndan bu yana End\u00fcstriyel, Medikal Gazlar ve Ekipmanlar\u0131 sat\u0131\u015f\u0131nda faaliyet g\u00f6steren Merih Sinai Gazlar geni\u015f teknik kadrosu ve konusunda uzman personeli ile alan\u0131nda en y\u00fcksek kalitede \u00fcr\u00fcn ve hizmeti m\u00fc\u015fterilerine sunmay\u0131 g\u00f6rev edinmi\u015ftir.<\/p>\n<p>Firmam\u0131z Linde Gaz A.\u015e. sat\u0131\u015f orta\u011f\u0131 olup t\u00fcm \u00fcr\u00fcnleri Linde Gaz kalitesi ve g\u00fcvencesi alt\u0131ndad\u0131r. Emniyet ve Kalite kavramlar\u0131n\u0131 temel kabul ederek, yerli ve ithal \u00fcr\u00fcn gruplar\u0131n\u0131n tamam\u0131nda, sadece \u00fcr\u00fcn tedarik etmekle kalmay\u0131p, sat\u0131\u015f sonras\u0131 teknik destek sa\u011flamaya da devam etmektedir.[\/vc_column_text][\/vc_tta_section][vc_tta_section title=&#8221;Vizyonumuz&#8221; tab_id=&#8221;1541663906010-6929d03e-de32&#8243;][vc_column_text]Birbiriyle ba\u011fl\u0131 bir d\u00fcnyada, \u00e7al\u0131\u015fanlar\u0131m\u0131z\u0131n<br \/>\nm\u00fc\u015fterilerimize daima yenilik\u00e7i ve s\u00fcrd\u00fcr\u00fclebilir<br \/>\n\u00e7\u00f6z\u00fcmler sundu\u011fu, en iyi performans g\u00f6steren<br \/>\nk\u00fcresel end\u00fcstriyel gaz ve m\u00fchendislik<br \/>\n\u015firketi olma vizyonumuza kendimizi adar\u0131z.[\/vc_column_text][\/vc_tta_section][vc_tta_section title=&#8221;Misyonumuz&#8221; tab_id=&#8221;1541663903167-cbc44aee-22e4&#8243;][vc_column_text]D\u00fcnyam\u0131z\u0131 daha \u00fcretken hale getirme<br \/>\nmisyonumuzu her g\u00fcn ya\u015far\u0131z. Y\u00fcksek<br \/>\nkalitede \u00e7\u00d6z\u00fcmlerimiz, teknolojilerimiz ve<br \/>\nhizmetlerimiz sayesinde m\u00fc\u015fterilerimizin<br \/>\nbasarisini desteklerken, gezegenimizin<br \/>\nkorunmas\u0131na ve s\u00fcrd\u00fcr\u00fclebilirli\u011fine katk\u0131da<br \/>\nbulunuruz.[\/vc_column_text][\/vc_tta_section][vc_tta_section title=&#8221;Politikam\u0131z&#8221; tab_id=&#8221;1541663902609-b8a9d026-998e&#8221;][vc_column_text]Emniyet, g\u00fcvenilirlik ve kalitedir.[\/vc_column_text][\/vc_tta_section][\/vc_tta_accordion][\/vc_column][\/vc_row][vc_row css=&#8221;.vc_custom_1541576403059{padding-top: 100px !important;padding-bottom: 100px !important;}&#8221;][vc_column offset=&#8221;vc_col-md-6&#8243;][vc_custom_heading text=&#8221;Neden Bizi Se\u00e7melisiniz&#8221; font_container=&#8221;tag:p|font_size:60px|text_align:left|color:%230a0f2b|line_height:68px&#8221; google_fonts=&#8221;font_family:Roboto%3A100%2C100italic%2C300%2C300italic%2Cregular%2Citalic%2C500%2C500italic%2C700%2C700italic%2C900%2C900italic|font_style:300%20light%20regular%3A300%3Anormal&#8221; css=&#8221;.vc_custom_1614755716095{margin-bottom: 50px !important;}&#8221;][\/vc_column][vc_column offset=&#8221;vc_col-md-6&#8243;][vc_row_inner][vc_column_inner width=&#8221;1\/2&#8243;]\n    <div class=\"icon-box  \">\n                <img decoding=\"async\" src=\"https:\/\/merihticaret.com.tr\/wp-content\/uploads\/2018\/11\/team.png\" alt=\"icon\">        <div class=\"content-box\">\n            <h5>Uzman Ekip<\/h5>\n            <p>Alan\u0131nda uzman olan ekibimiz ile \u00e7al\u0131\u015fmaktay\u0131z.<\/p>\n                    <\/div>\n    <\/div>\n\n    [vc_empty_space height=&#8221;50px&#8221;]\n    <div class=\"icon-box  \">\n                <img decoding=\"async\" src=\"https:\/\/merihticaret.com.tr\/wp-content\/uploads\/2018\/11\/team-global.png\" alt=\"icon\">        <div class=\"content-box\">\n            <h5>Da\u011f\u0131t\u0131m<\/h5>\n            <p>T\u00fcrkiye\u2019nin \u00f6nde gelen firmas\u0131 olma yolunda emin ad\u0131mlarla ilerliyoruz.<\/p>\n                    <\/div>\n    <\/div>\n\n    [vc_empty_space height=&#8221;50px&#8221; el_class=&#8221;lg-hidden md-hidden&#8221;][\/vc_column_inner][vc_column_inner width=&#8221;1\/2&#8243;]\n    <div class=\"icon-box  \">\n                <img decoding=\"async\" src=\"https:\/\/merihticaret.com.tr\/wp-content\/uploads\/2018\/11\/handshake.png\" alt=\"icon\">        <div class=\"content-box\">\n            <h5>M\u00fc\u015fteri Memnuniyeti<\/h5>\n            <p>\u00d6nceli\u011fimiz m\u00fc\u015fterilerimiz onlar\u0131n memnuniyeti bizim mutlulu\u011fumuzdur.<\/p>\n                    <\/div>\n    <\/div>\n\n    [vc_empty_space height=&#8221;50px&#8221;]\n    <div class=\"icon-box  \">\n                <img decoding=\"async\" src=\"https:\/\/merihticaret.com.tr\/wp-content\/uploads\/2018\/11\/idea.png\" alt=\"icon\">        <div class=\"content-box\">\n            <h5>Yenilik\u00e7i<\/h5>\n            <p>Firmam\u0131z teknoloji ile beraberin de yeniliklere a\u00e7\u0131k bir firmad\u0131r.<\/p>\n                    <\/div>\n    <\/div>\n\n    [\/vc_column_inner][\/vc_row_inner][\/vc_column][\/vc_row][vc_row el_class=&#8221;bg-primary call-to-action&#8221; css=&#8221;.vc_custom_1542184444490{padding-top: 52px !important;padding-bottom: 52px !important;}&#8221;][vc_column offset=&#8221;vc_col-md-8&#8243;][vc_custom_heading text=&#8221;Detayl\u0131 bilgi almak i\u00e7in bizimle ileti\u015fime ge\u00e7in&#8221; font_container=&#8221;tag:h3|text_align:left|color:%23ffffff&#8221; use_theme_fonts=&#8221;yes&#8221; css=&#8221;.vc_custom_1614755789386{margin-top: 10px !important;margin-bottom: 0px !important;}&#8221;][\/vc_column][vc_column offset=&#8221;vc_col-md-4&#8243;]\n    <div class=\"text-right\">\n        <a class=\"btn btn-medium btn-light  \" href=\"#\" style=\"\">\u0130leti\u015fim<\/a>\n    <\/div>\n\n    [\/vc_column][\/vc_row]<\/p>\n","protected":false},"excerpt":{"rendered":"<p>[vc_row css=&#8221;.vc_custom_1541754689598{padding-top: 65px !important;background-color: #f7f7f7 !important;}&#8221;][vc_column offset=&#8221;vc_col-md-6&#8243;][vc_single_image image=&#8221;1225&#8243; img_size=&#8221;full&#8221; alignment=&#8221;center&#8221; css=&#8221;.vc_custom_1614755518049{margin-bottom: 0px !important;}&#8221; el_class=&#8221;lg-left-100&#8243;][\/vc_column][vc_column offset=&#8221;vc_col-md-6&#8243;][vc_custom_heading text=&#8221;Merih Ticaret&#8221; use_theme_fonts=&#8221;yes&#8221; css=&#8221;.vc_custom_1614755557155{margin-top: 0px !important;margin-bottom: 10px !important;}&#8221; el_class=&#8221;lg-right70&#8243;][vc_tta_accordion c_icon=&#8221;chevron&#8221; c_position=&#8221;right&#8221; active_section=&#8221;1&#8243; el_class=&#8221;lg-right70&#8243; css=&#8221;.vc_custom_1541733889119{padding-bottom: 100px !important;}&#8221;][vc_tta_section title=&#8221;Hakk\u0131m\u0131zda&#8221; tab_id=&#8221;1541663324651-dac0965b-bd42&#8243;][vc_column_text]2002 y\u0131l\u0131ndan bu yana End\u00fcstriyel, Medikal Gazlar ve Ekipmanlar\u0131 sat\u0131\u015f\u0131nda faaliyet g\u00f6steren Merih Sinai Gazlar geni\u015f teknik kadrosu ve konusunda uzman personeli ile [&hellip;]<\/p>\n","protected":false},"author":1,"featured_media":0,"parent":0,"menu_order":0,"comment_status":"closed","ping_status":"closed","template":"","meta":{"footnotes":""},"class_list":["post-173","page","type-page","status-publish","hentry"],"_links":{"self":[{"href":"https:\/\/merihticaret.com.tr\/index.php\/wp-json\/wp\/v2\/pages\/173","targetHints":{"allow":["GET"]}}],"collection":[{"href":"https:\/\/merihticaret.com.tr\/index.php\/wp-json\/wp\/v2\/pages"}],"about":[{"href":"https:\/\/merihticaret.com.tr\/index.php\/wp-json\/wp\/v2\/types\/page"}],"author":[{"embeddable":true,"href":"https:\/\/merihticaret.com.tr\/index.php\/wp-json\/wp\/v2\/users\/1"}],"replies":[{"embeddable":true,"href":"https:\/\/merihticaret.com.tr\/index.php\/wp-json\/wp\/v2\/comments?post=173"}],"version-history":[{"count":3,"href":"https:\/\/merihticaret.com.tr\/index.php\/wp-json\/wp\/v2\/pages\/173\/revisions"}],"predecessor-version":[{"id":1245,"href":"https:\/\/merihticaret.com.tr\/index.php\/wp-json\/wp\/v2\/pages\/173\/revisions\/1245"}],"wp:attachment":[{"href":"https:\/\/merihticaret.com.tr\/index.php\/wp-json\/wp\/v2\/media?parent=173"}],"curies":[{"name":"wp","href":"https:\/\/api.w.org\/{rel}","templated":true}]}}